atest common factor of w and 21?
21
Suppose 537*a = 536*a + 2. Let y = -370 + 568. Suppose -a*z + y = 4*z. What is the highest common divisor of 33 and z?
33
Suppose 20*v + 2*i + 10 = 24*v, i - 5 = 0. What is the greatest common divisor of 1280 and v?
5
Let r be 48/(-264) - 202/(-22). Suppose 2*x - s + r = -x, x = -2*s + 4. Let b be ((-380)/(-57))/(-3*x/9). Calculate the greatest common factor of b and 20.
10
Let k = -11 - -20. Suppose h - 8 - 1 = -2*z, -z = -4*h. Suppose z*u - 9*u + 495 = 0. What is the greatest common divisor of k and u?
9
Let h = 113 - 109. Suppose -5*s = y - 63, -h*y = 3*s - s - 18. What is the greatest common factor of 1 and s?
1
Suppose 9 = 10*m - 7*m. Let k be m/(-2) + ((-325)/(-10) - 5). What is the greatest common divisor of 26 and k?
26
Let j = -209 - -148. Let o = 347 - j. Let s(c) = 13*c**2 + 850*c + 1699. Let u be s(-2). Calculate the highest common factor of o and u.
51
Let a be 31*(-4 - -1) - 3. Let g = 114 - a. Suppose -3*x = 2*x - g. Calculate the highest common divisor of x and 28.
14
Let t be ((-2)/(-4) + (-637)/6 + -7)*-3. What is the highest common divisor of 2054 and t?
26
Let p(x) = -x**3 - 3*x**2 + 6*x - 7. Let w be p(-5). Suppose -585 + 195 = -w*c. Suppose 15 - c = -3*u. What is the highest common factor of 15 and u?
5
Let g(x) = x**2 - 5*x + 2. Suppose -7*o = 6 - 6. Let i be g(o). What is the highest common factor of 10 and i?
2
Suppose -27*c = -262*c - 33*c + 3216. What is the highest common factor of c and 39924?
12
Suppose -1807 + 1687 = -15*w. Calculate the highest common divisor of 137 and w.
1
Suppose -52 = 26*f - 30*f. Let g be (477 - 9)/f*(-17)/(-4). What is the highest common divisor of 9 and g?
9
Suppose -12*f - 2*k - 1478 = -15*f, f + 5*k - 504 = 0. Calculate the greatest common factor of f and 78.
26
Let x be (14/4)/(-6 + 65/10). Let t(s) = -s - 1. Let m be t(1). Let d be 183/21 - m/x. Calculate the greatest common factor of d and 18.
9
Let f(k) = k**3 - 7*k**2 - 16*k - 13. Suppose 2*y + 108 = 6*y. Let w = 36 - y. Let z be f(w). What is the highest common factor of z and 2?
1
Let m be -2*94/(-4) + 1. Let p be (-1)/(-4) + (-12 - 25707/44). Let f = p + 599. What is the highest common factor of f and m?
3
Suppose -185*s = -183*s + 7*f - 1477, 4*s = -2*f + 2918. What is the greatest common divisor of s and 1560?
104
Let u = 377 + -400. Let k be u/(138/(-96)) - (-10)/(-2). Calculate the highest common divisor of k and 121.
11
Let l be (-1)/7 + (-1243)/(-77). Let z be (-1)/(80/79 - 1). Let q = -39 - z. Calculate the highest common divisor of l and q.
8
Let r(i) = -i**3 + 4*i**2 + i + 5. Let o be r(-2). Calculate the highest common factor of o and 675.
27
Let a(q) = 19*q**2 - 17*q + 52. Let g be a(4). Suppose 168 = 2*x - i + 34, 4*x = -3*i + g. Calculate the greatest common divisor of x and 115.
23
Let p be (-1)/(-1 - (-6)/4) + (-11)/(-1). What is the highest common factor of p and 681?
3
Let g(n) = 197*n + 1628. Let z be g(-8). Calculate the highest common divisor of 1196 and z.
52
Let b(p) = 6*p**2 - 39*p + 291. Let m be b(11). What is the greatest common divisor of m and 252?
84
Let d be 19 + -1 - (1 + 3). Let b be ((-80)/56)/5 + 1824/d. Calculate the highest common factor of 52 and b.
26
Let f(s) = 2*s**2 + 10*s + 3. Let k be f(6). Let z = k + -79. Suppose n + 5*t - 8 = 5, 5*n + 4*t - 44 = 0. Calculate the greatest common factor of z and n.
8
Suppose 0 = 310*f - 0*f - 63550. Calculate the greatest common factor of f and 779.
41
Let i be 12022/14 - 1 - 10/(-35). Let y(n) = 11*n**3 - 7*n**2 - 13*n + 32. Let w be y(2). Calculate the highest common divisor of i and w.
66
Let j = 4241 - 4238. What is the greatest common divisor of j and 10839?
3
Let j(y) be the third derivative of -y**5/60 - y**4/24 + y**3 - 62*y**2. Let n be j(-2). What is the greatest common factor of 44 and n?
4
Let q be ((-2)/7 - (-1602)/(-126))/(-3 - -2). What is the greatest common factor of 65 and q?
13
Let p = -126 + 110. Let r = p + 21. Suppose m = -2*y + 142, -37 - 12 = -y + r*m. Calculate the greatest common factor of 92 and y.
23
Suppose 8286 = 77*s - 16509 - 6929. What is the highest common factor of s and 3?
1
Suppose 25*s - 6*s - 399 = 0. Suppose -53*d = -s*d - 1248. Let p(g) = -g**2 + g + 3. Let v be p(0). Calculate the highest common factor of v and d.
3
Let t be 6*(-6)/(-14) - 6/(-14). Suppose -t*p - 2*b = -219 - 76, -p + 3*b + 80 = 0. Calculate the greatest common factor of 5 and p.
5
Let l = 78 - -67. Let f = -53 + l. Suppose 4*o = 151 + 125. What is the greatest common factor of o and f?
23
Suppose -q = -5*g + q + 118, 4*g - 3*q - 100 = 0. Let o(h) = -14*h - 328. Let b be o(-36). What is the highest common divisor of g and b?
22
Let a be 4 + (2/(-6) - 442/(-3)). Let k = -147 + a. Suppose -2*i + p - 3*p + 52 = 0, -k*i = 3*p - 99. What is the greatest common divisor of i and 42?
21
Let j(r) = -2*r**3 - 18*r**2 - 2*r - 4. Let v be j(-9). What is the highest common divisor of v and 1561?
7
Let z = 41 + -34. Let a(j) = 2*j - 18. Let v be a(z). Let y be v*(-7 - (-7 + 4)). Calculate the greatest common divisor of 8 and y.
8
Let a = 9861 + -9261. Calculate the highest common divisor of a and 575.
25
Let o(z) = -z**3 + 6*z**2 - 4*z - 1. Let i be o(5). Let g be -4 - -28 - 8/i. Calculate the greatest common divisor of g and 198.
22
Let r be ((-10800)/(-189))/((-14)/21 - 40/(-42)). What is the highest common divisor of r and 2675?
25
Let v(y) = y**3 + 19*y**2 + 19*y + 25. Let b be v(-18). Suppose d = b*d - 3300. What is the greatest common divisor of 50 and d?
50
Let r be (-66555)/(-25) + (-207)/(-115). Calculate the highest common divisor of 576 and r.
72
Suppose 6 - 10 = b, 0 = -n + 4*b + 1128. What is the highest common divisor of 40 and n?
8
Let f be 48/(-60)*11960/(-13). What is the highest common factor of 276 and f?
92
Let p(t) = -140*t + 1985. Let n be p(11). Calculate the highest common divisor of 2314 and n.
89
Let w(a) = 2*a**3 + 33*a**2 - 20*a - 47. Let m be w(-17). Suppose 0 = -2*x + m*i + 272, -2*i - 544 = -4*x + 2*i. What is the highest common factor of x and 8?
8
Let n(h) = -h**3 + 47*h**2 - 74*h + 486. Let m be n(32). Calculate the highest common factor of 23 and m.
23
Suppose 4 = -2*k, 2*k + 31 = 5*h - 33. Let y be 78/h + 3/2. What is the highest common divisor of 44 and y?
4
Let a be (-14)/((-1)/((-10)/(-2))). Suppose 0 = 5*n + 10, 4*n = 5*l - 421 + 13. Let z = l - a. Calculate the highest common factor of 40 and z.
10
Suppose g - 44 = -4*b, -12*g + 230 = -8*g - 2*b. Suppose 3*h - 56 = h. Calculate the greatest common factor of g and h.
28
Suppose 2*x = n + 244, 3*n = -2*x + 6*n + 256. Calculate the highest common divisor of x and 4403.
119
Suppose -2*y + 430 = 4*s, 8*s - 3*s = 3*y - 623. Suppose 3*a - 6 = 0, 5*a + y = -5*n + 8*a. Let l = n + 80. What is the highest common factor of 13 and l?
13
Let j = -11 + 5. Let b be (-495)/25*20/j. What is the greatest common factor of b and 33?
33
Let a = 313 - 196. Let s = 112 + 37. Let p = -136 + s. What is the highest common factor of p and a?
13
Suppose -2*r + 5*n + 1 = 0, -117*n = -4*r - 116*n + 47. Suppose -r*s = -15*s + 2, 4*x - 2*s = 1494. Calculate the highest common divisor of 44 and x.
22
Suppose 1 + 9 = h. Let a(s) = -10*s - 20. Let l(p) = -7*p - 19. Let o(b) = -5*a(b) + 6*l(b). Let y be o(8). What is the highest common divisor of y and h?
10
Let l = -1160 - -1174. Let y be (-120)/56*(-3)/6*l. Suppose -780 = -4*t - 4*n - 116, -3*t + 5*n = -490. Calculate the greatest common divisor of t and y.
15
Let y(z) = -z**3 + 55*z**2 - 153*z - 82. Let h be y(52). Let d be -122*(-1)/(1 - -1). Let v = h - d. Calculate the greatest common factor of v and 13.
13
Let b(t) = -t + 65. Let r be (-13 + 6)*(-1 - (-6)/3). Let q be b(r). Calculate the highest common factor of q and 192.
24
Let g = 298 + -301. Let w be 55 - (-4 + (-4 - g)/1). Calculate the highest common divisor of w and 90.
30
Let n(x) = -2*x + 36. Let o(t) = t**2 - 5*t - 10. Let b be o(-4). Let q be (-4)/26 + 4/b. Let s be n(q). What is the greatest common divisor of s and 4?
4
Let r be (3 + 650/52)*(0 + 2)*149. What is the highest common divisor of r and 62?
31
Let h(q) = 44*q - 6. Let c be h(3). Let z be (-1890)/(-72) - (140/(-144) - (-4)/18). What is the greatest common factor of c and z?
9
Suppose 